{"id":501,"date":"2022-02-12T17:58:57","date_gmt":"2022-02-12T17:58:57","guid":{"rendered":"https:\/\/straznicylasu.pl\/?page_id=501"},"modified":"2022-02-12T19:08:58","modified_gmt":"2022-02-12T19:08:58","slug":"nasza-misja","status":"publish","type":"page","link":"https:\/\/straznicylasu.pl\/index.php\/nasza-misja\/","title":{"rendered":"Nasza misja"},"content":{"rendered":"\n<figure class=\"wp-block-pullquote\"><blockquote><p><em>\u201e\u2026.da\u0107 dziecku ca\u0142e powietrze,&nbsp;s\u0142o\u0144ce,&nbsp;ca\u0142\u0105 \u017cyczliwo\u015b\u0107 jaka mu si\u0119 nale\u017cy\u2026.\u201d&nbsp; <\/em><\/p><cite><em>Janusz Korczak<\/em><\/cite><\/blockquote><\/figure>\n\n\n\n<p><strong>Dzieci s\u0105 nasz\u0105 przysz\u0142o\u015bci\u0105, dlatego nasz\u0105 misj\u0105 jest wspieranie harmonijnego rozwoju dziecka w przyjaznym rodzinom miejscu, gdzie dzieci rozwijaj\u0105 skrzyd\u0142a, by kiedy\u015b polecie\u0107 wysoko i pewnie w \u015bwiat.&nbsp;<\/strong><\/p>\n\n\n\n<div class=\"wp-block-image\"><figure class=\"aligncenter size-large\"><img loading=\"lazy\" decoding=\"async\" width=\"1024\" height=\"516\" src=\"https:\/\/straznicylasu.pl\/wp-content\/uploads\/2022\/02\/nasze-filary-1024x516.png\" alt=\"\" class=\"wp-image-521\" srcset=\"https:\/\/straznicylasu.pl\/wp-content\/uploads\/2022\/02\/nasze-filary-1024x516.png 1024w, https:\/\/straznicylasu.pl\/wp-content\/uploads\/2022\/02\/nasze-filary-300x151.png 300w, https:\/\/straznicylasu.pl\/wp-content\/uploads\/2022\/02\/nasze-filary-768x387.png 768w, https:\/\/straznicylasu.pl\/wp-content\/uploads\/2022\/02\/nasze-filary-119x60.png 119w, https:\/\/straznicylasu.pl\/wp-content\/uploads\/2022\/02\/nasze-filary.png 1266w\" sizes=\"auto, (max-width: 1024px) 100vw, 1024px\" \/><\/figure><\/div>\n\n\n\n<div class=\"wp-block-image\"><figure class=\"aligncenter size-large\"><img loading=\"lazy\" decoding=\"async\" width=\"1024\" height=\"576\" src=\"https:\/\/straznicylasu.pl\/wp-content\/uploads\/2022\/02\/Dlaczego-lesne-Prezentacja-169-9-1024x576.jpg\" alt=\"\" class=\"wp-image-247\" srcset=\"https:\/\/straznicylasu.pl\/wp-content\/uploads\/2022\/02\/Dlaczego-lesne-Prezentacja-169-9-1024x576.jpg 1024w, https:\/\/straznicylasu.pl\/wp-content\/uploads\/2022\/02\/Dlaczego-lesne-Prezentacja-169-9-300x169.jpg 300w, https:\/\/straznicylasu.pl\/wp-content\/uploads\/2022\/02\/Dlaczego-lesne-Prezentacja-169-9-768x432.jpg 768w, https:\/\/straznicylasu.pl\/wp-content\/uploads\/2022\/02\/Dlaczego-lesne-Prezentacja-169-9-1536x864.jpg 1536w, https:\/\/straznicylasu.pl\/wp-content\/uploads\/2022\/02\/Dlaczego-lesne-Prezentacja-169-9-107x60.jpg 107w, https:\/\/straznicylasu.pl\/wp-content\/uploads\/2022\/02\/Dlaczego-lesne-Prezentacja-169-9-840x473.jpg 840w, https:\/\/straznicylasu.pl\/wp-content\/uploads\/2022\/02\/Dlaczego-lesne-Prezentacja-169-9.jpg 1920w\" sizes=\"auto, (max-width: 1024px) 100vw, 1024px\" \/><\/figure><\/div>\n\n\n\n<div class=\"wp-block-image\"><figure class=\"aligncenter size-large\"><img loading=\"lazy\" decoding=\"async\" width=\"1024\" height=\"149\" src=\"https:\/\/straznicylasu.pl\/wp-content\/uploads\/2022\/01\/wiewiurka-pasek-1-1024x149.jpg\" alt=\"\" class=\"wp-image-218\" srcset=\"https:\/\/straznicylasu.pl\/wp-content\/uploads\/2022\/01\/wiewiurka-pasek-1-1024x149.jpg 1024w, https:\/\/straznicylasu.pl\/wp-content\/uploads\/2022\/01\/wiewiurka-pasek-1-300x44.jpg 300w, https:\/\/straznicylasu.pl\/wp-content\/uploads\/2022\/01\/wiewiurka-pasek-1-768x112.jpg 768w, https:\/\/straznicylasu.pl\/wp-content\/uploads\/2022\/01\/wiewiurka-pasek-1-412x60.jpg 412w, https:\/\/straznicylasu.pl\/wp-content\/uploads\/2022\/01\/wiewiurka-pasek-1.jpg 1368w\" sizes=\"auto, (max-width: 1024px) 100vw, 1024px\" \/><\/figure><\/div>\n","protected":false},"excerpt":{"rendered":"<p>\u201e\u2026.da\u0107 dziecku ca\u0142e powietrze,&nbsp;s\u0142o\u0144ce,&nbsp;ca\u0142\u0105 \u017cyczliwo\u015b\u0107 jaka mu si\u0119 nale\u017cy\u2026.\u201d&nbsp; Janusz Korczak Dzieci s\u0105 nasz\u0105 przysz\u0142o\u015bci\u0105, dlatego nasz\u0105 misj\u0105 jest wspieranie harmonijnego rozwoju dziecka w przyjaznym &hellip; <\/p>\n","protected":false},"author":1,"featured_media":0,"parent":0,"menu_order":0,"comment_status":"closed","ping_status":"closed","template":"","meta":{"footnotes":""},"class_list":["post-501","page","type-page","status-publish","hentry","latest_post"],"_links":{"self":[{"href":"https:\/\/straznicylasu.pl\/index.php\/wp-json\/wp\/v2\/pages\/501","targetHints":{"allow":["GET"]}}],"collection":[{"href":"https:\/\/straznicylasu.pl\/index.php\/wp-json\/wp\/v2\/pages"}],"about":[{"href":"https:\/\/straznicylasu.pl\/index.php\/wp-json\/wp\/v2\/types\/page"}],"author":[{"embeddable":true,"href":"https:\/\/straznicylasu.pl\/index.php\/wp-json\/wp\/v2\/users\/1"}],"replies":[{"embeddable":true,"href":"https:\/\/straznicylasu.pl\/index.php\/wp-json\/wp\/v2\/comments?post=501"}],"version-history":[{"count":4,"href":"https:\/\/straznicylasu.pl\/index.php\/wp-json\/wp\/v2\/pages\/501\/revisions"}],"predecessor-version":[{"id":530,"href":"https:\/\/straznicylasu.pl\/index.php\/wp-json\/wp\/v2\/pages\/501\/revisions\/530"}],"wp:attachment":[{"href":"https:\/\/straznicylasu.pl\/index.php\/wp-json\/wp\/v2\/media?parent=501"}],"curies":[{"name":"wp","href":"https:\/\/api.w.org\/{rel}","templated":true}]}}

<figure class="wp-block-pullquote"><blockquote><p><em>„….dać dziecku całe powietrze,&nbsp;słońce,&nbsp;całą życzliwość jaka mu się należy….”&nbsp; </em></p><cite><em>Janusz Korczak</em></cite></blockquote></figure>



<p><strong>Dzieci są naszą przyszłością, dlatego naszą misją jest wspieranie harmonijnego rozwoju dziecka w przyjaznym rodzinom miejscu, gdzie dzieci rozwijają skrzydła, by kiedyś polecieć wysoko i pewnie w świat.&nbsp;</strong></p>



<div class="wp-block-image"><figure class="aligncenter size-large"><img loading="lazy" decoding="async" width="1024" height="516" src="https://straznicylasu.pl/wp-content/uploads/2022/02/nasze-filary-1024x516.png" alt="" class="wp-image-521" srcset="https://straznicylasu.pl/wp-content/uploads/2022/02/nasze-filary-1024x516.png 1024w, https://straznicylasu.pl/wp-content/uploads/2022/02/nasze-filary-300x151.png 300w, https://straznicylasu.pl/wp-content/uploads/2022/02/nasze-filary-768x387.png 768w, https://straznicylasu.pl/wp-content/uploads/2022/02/nasze-filary-119x60.png 119w, https://straznicylasu.pl/wp-content/uploads/2022/02/nasze-filary.png 1266w" sizes="auto, (max-width: 1024px) 100vw, 1024px" /></figure></div>



<div class="wp-block-image"><figure class="aligncenter size-large"><img loading="lazy" decoding="async" width="1024" height="576" src="https://straznicylasu.pl/wp-content/uploads/2022/02/Dlaczego-lesne-Prezentacja-169-9-1024x576.jpg" alt="" class="wp-image-247" srcset="https://straznicylasu.pl/wp-content/uploads/2022/02/Dlaczego-lesne-Prezentacja-169-9-1024x576.jpg 1024w, https://straznicylasu.pl/wp-content/uploads/2022/02/Dlaczego-lesne-Prezentacja-169-9-300x169.jpg 300w, https://straznicylasu.pl/wp-content/uploads/2022/02/Dlaczego-lesne-Prezentacja-169-9-768x432.jpg 768w, https://straznicylasu.pl/wp-content/uploads/2022/02/Dlaczego-lesne-Prezentacja-169-9-1536x864.jpg 1536w, https://straznicylasu.pl/wp-content/uploads/2022/02/Dlaczego-lesne-Prezentacja-169-9-107x60.jpg 107w, https://straznicylasu.pl/wp-content/uploads/2022/02/Dlaczego-lesne-Prezentacja-169-9-840x473.jpg 840w, https://straznicylasu.pl/wp-content/uploads/2022/02/Dlaczego-lesne-Prezentacja-169-9.jpg 1920w" sizes="auto, (max-width: 1024px) 100vw, 1024px" /></figure></div>



<div class="wp-block-image"><figure class="aligncenter size-large"><img loading="lazy" decoding="async" width="1024" height="149" src="https://straznicylasu.pl/wp-content/uploads/2022/01/wiewiurka-pasek-1-1024x149.jpg" alt="" class="wp-image-218" srcset="https://straznicylasu.pl/wp-content/uploads/2022/01/wiewiurka-pasek-1-1024x149.jpg 1024w, https://straznicylasu.pl/wp-content/uploads/2022/01/wiewiurka-pasek-1-300x44.jpg 300w, https://straznicylasu.pl/wp-content/uploads/2022/01/wiewiurka-pasek-1-768x112.jpg 768w, https://straznicylasu.pl/wp-content/uploads/2022/01/wiewiurka-pasek-1-412x60.jpg 412w, https://straznicylasu.pl/wp-content/uploads/2022/01/wiewiurka-pasek-1.jpg 1368w" sizes="auto, (max-width: 1024px) 100vw, 1024px" /></figure></div>

<p>„….dać dziecku całe powietrze,&nbsp;słońce,&nbsp;całą życzliwość jaka mu się należy….”&nbsp; Janusz Korczak Dzieci są naszą przyszłością, dlatego naszą misją jest wspieranie harmonijnego rozwoju dziecka w przyjaznym &hellip; </p>
