{"id":5,"date":"2021-12-31T17:51:03","date_gmt":"2021-12-31T17:51:03","guid":{"rendered":"https:\/\/straznicylasu.pl\/?page_id=5"},"modified":"2022-02-13T09:55:59","modified_gmt":"2022-02-13T09:55:59","slug":"create-your-website-with-blocks","status":"publish","type":"page","link":"https:\/\/straznicylasu.pl\/","title":{"rendered":""},"content":{"rendered":"\n<p><\/p>\n\n\n\n<blockquote class=\"wp-block-quote is-layout-flow wp-block-quote-is-layout-flow\"><p><em>Dzieci\u0144stwo nie jest wy\u015bcigiem by zobaczy\u0107, jak szybko dziecko potrafi czyta\u0107, pisa\u0107 i liczy\u0107\u2026 <\/em><\/p><p><em>Dzieci\u0144stwo jest ma\u0142ym oknem czasu, aby uczy\u0107 si\u0119 i rozwija\u0107 w tempie, kt\u00f3ry jest odpowiedni dla ka\u017cdego dziecka \u2026<\/em><\/p><\/blockquote>\n\n\n\n<p><\/p>\n\n\n\n<h2 class=\"has-text-align-center wp-block-heading\" id=\"witajcie\">Witajcie<\/h2>\n\n\n\n<p>Z dum\u0105 przedstawiamy Wam blisko\u015bciowe przedszkole Montessori &#8220;Stra\u017cnicy Lasu&#8221; na mapie Chrzanowa. Z pasj\u0105, wizj\u0105 i mi\u0142o\u015bci\u0105 tworzymy bezpieczne, przyjazne i inspiruj\u0105ce miejsce dla dzieci i rodzic\u00f3w, w kt\u00f3rym praktykujemy porozumienie bez przemocy (NVC &#8211; Nonviolent communication). Je\u017celi poszukujesz dla swojego dziecka miejsca, w kt\u00f3rym komunikujemy si\u0119 j\u0119zykiem serca, w kt\u00f3rym dziecko jest najwa\u017cniejsze a relacje oparte s\u0105 na wzajemnym szacunku i zrozumieniu, w kt\u00f3rym zapewniamy dzieciom bliski kontakt z natur\u0105 a sala Montessori zorganizowana jest tak, aby wspiera\u0107 rozw\u00f3j dzieci, w kt\u00f3rym wsp\u00f3\u0142pracujemy z rodzicami i organizujemy dla nich warsztaty, aby wesprze\u0107 ich w budowaniu relacji z dzieckiem, to jest to miejsce dla Was.<\/p>\n\n\n\n<div style=\"height:50px\" aria-hidden=\"true\" class=\"wp-block-spacer\"><\/div>\n\n\n\n<figure class=\"wp-block-image alignwide size-large\"><img loading=\"lazy\" decoding=\"async\" width=\"1024\" height=\"96\" src=\"https:\/\/straznicylasu.pl\/wp-content\/uploads\/2022\/01\/jeze-pasek-1024x96.jpg\" alt=\"\" class=\"wp-image-196\" srcset=\"https:\/\/straznicylasu.pl\/wp-content\/uploads\/2022\/01\/jeze-pasek-1024x96.jpg 1024w, https:\/\/straznicylasu.pl\/wp-content\/uploads\/2022\/01\/jeze-pasek-300x28.jpg 300w, https:\/\/straznicylasu.pl\/wp-content\/uploads\/2022\/01\/jeze-pasek-768x72.jpg 768w, https:\/\/straznicylasu.pl\/wp-content\/uploads\/2022\/01\/jeze-pasek-600x56.jpg 600w, https:\/\/straznicylasu.pl\/wp-content\/uploads\/2022\/01\/jeze-pasek.jpg 1340w\" sizes=\"auto, (max-width: 1024px) 100vw, 1024px\" \/><\/figure>\n\n\n\n<div class=\"wp-block-columns alignwide are-vertically-aligned-top is-layout-flex wp-container-core-columns-is-layout-9d6595d7 wp-block-columns-is-layout-flex\">\n<div class=\"wp-block-column is-vertically-aligned-top is-layout-flow wp-block-column-is-layout-flow\">\n<figure class=\"wp-block-image size-large\"><img loading=\"lazy\" decoding=\"async\" width=\"1920\" height=\"1080\" src=\"https:\/\/straznicylasu.pl\/wp-content\/uploads\/2022\/02\/6-1024x576.jpg\" alt=\"\" class=\"wp-image-347\" srcset=\"https:\/\/straznicylasu.pl\/wp-content\/uploads\/2022\/02\/6-1024x576.jpg 1024w, https:\/\/straznicylasu.pl\/wp-content\/uploads\/2022\/02\/6-300x169.jpg 300w, https:\/\/straznicylasu.pl\/wp-content\/uploads\/2022\/02\/6-768x432.jpg 768w, https:\/\/straznicylasu.pl\/wp-content\/uploads\/2022\/02\/6-1536x864.jpg 1536w, https:\/\/straznicylasu.pl\/wp-content\/uploads\/2022\/02\/6-107x60.jpg 107w, https:\/\/straznicylasu.pl\/wp-content\/uploads\/2022\/02\/6-840x473.jpg 840w, https:\/\/straznicylasu.pl\/wp-content\/uploads\/2022\/02\/6.jpg 1920w\" sizes=\"auto, (max-width: 1920px) 100vw, 1920px\" \/><\/figure>\n\n\n\n<h4 class=\"has-text-align-center wp-block-heading\" id=\"dlaczego-montessori\"><a href=\"https:\/\/straznicylasu.pl\/index.php\/dlaczego-montessori\/\" data-type=\"page\" data-id=\"481\">Dlaczego Montessori?<\/a><\/h4>\n\n\n\n<p class=\"has-text-align-center\"><em><em>\u201eDziecko, kt\u00f3remu po\u015bwi\u0119cono wi\u0119cej uwagi i opieki, wyrasta na osob\u0119 silniejsz\u0105, bardziej zr\u00f3wnowa\u017con\u0105 duchowo i energiczniejsz\u0105.\u201d<\/em><\/em> M. Montessori<\/p>\n<\/div>\n\n\n\n<div class=\"wp-block-column is-vertically-aligned-top is-layout-flow wp-block-column-is-layout-flow\">\n<figure class=\"wp-block-image size-large\"><img loading=\"lazy\" decoding=\"async\" width=\"1024\" height=\"576\" src=\"https:\/\/straznicylasu.pl\/wp-content\/uploads\/2022\/02\/5-1024x576.jpg\" alt=\"\" class=\"wp-image-346\" srcset=\"https:\/\/straznicylasu.pl\/wp-content\/uploads\/2022\/02\/5-1024x576.jpg 1024w, https:\/\/straznicylasu.pl\/wp-content\/uploads\/2022\/02\/5-300x169.jpg 300w, https:\/\/straznicylasu.pl\/wp-content\/uploads\/2022\/02\/5-768x432.jpg 768w, https:\/\/straznicylasu.pl\/wp-content\/uploads\/2022\/02\/5-1536x864.jpg 1536w, https:\/\/straznicylasu.pl\/wp-content\/uploads\/2022\/02\/5-107x60.jpg 107w, https:\/\/straznicylasu.pl\/wp-content\/uploads\/2022\/02\/5-840x473.jpg 840w, https:\/\/straznicylasu.pl\/wp-content\/uploads\/2022\/02\/5.jpg 1920w\" sizes=\"auto, (max-width: 1024px) 100vw, 1024px\" \/><\/figure>\n\n\n\n<h4 class=\"has-text-align-center wp-block-heading\" id=\"dlaczego-lesne\"><a href=\"https:\/\/straznicylasu.pl\/index.php\/dlaczego-lesne\/\" data-type=\"page\" data-id=\"413\">Dlaczego le\u015bne?<\/a><\/h4>\n\n\n\n<p class=\"has-text-align-center\"><em>\u201cDzieci lasu\u201d s\u0105 pewne siebie, odwa\u017cne i samodzielne. S\u0105 te\u017c zdrowsze ni\u017c dzieci, kt\u00f3re nie do\u015bwiadczaj\u0105&nbsp;le\u015bnej&nbsp;edu<\/em>kacji.<\/p>\n<\/div>\n\n\n\n<div class=\"wp-block-column is-vertically-aligned-top is-layout-flow wp-block-column-is-layout-flow\">\n<figure class=\"wp-block-image size-large\"><img loading=\"lazy\" decoding=\"async\" width=\"1024\" height=\"576\" src=\"https:\/\/straznicylasu.pl\/wp-content\/uploads\/2022\/02\/2-1024x576.jpg\" alt=\"\" class=\"wp-image-343\" srcset=\"https:\/\/straznicylasu.pl\/wp-content\/uploads\/2022\/02\/2-1024x576.jpg 1024w, https:\/\/straznicylasu.pl\/wp-content\/uploads\/2022\/02\/2-300x169.jpg 300w, https:\/\/straznicylasu.pl\/wp-content\/uploads\/2022\/02\/2-768x432.jpg 768w, https:\/\/straznicylasu.pl\/wp-content\/uploads\/2022\/02\/2-1536x864.jpg 1536w, https:\/\/straznicylasu.pl\/wp-content\/uploads\/2022\/02\/2-107x60.jpg 107w, https:\/\/straznicylasu.pl\/wp-content\/uploads\/2022\/02\/2-840x473.jpg 840w, https:\/\/straznicylasu.pl\/wp-content\/uploads\/2022\/02\/2.jpg 1920w\" sizes=\"auto, (max-width: 1024px) 100vw, 1024px\" \/><\/figure>\n\n\n\n<h4 class=\"has-text-align-center wp-block-heading\" id=\"zapisy\"><a href=\"https:\/\/straznicylasu.pl\/index.php\/zapisy\/\" data-type=\"page\" data-id=\"398\">Zapisy<\/a><\/h4>\n\n\n\n<p class=\"has-text-align-center\">Do naszego przedszkola rekrutacja odbywa si\u0119 w trybie ci\u0105g\u0142ym.<\/p>\n<\/div>\n<\/div>\n\n\n\n<figure class=\"wp-block-image alignwide size-full\"><img decoding=\"async\" src=\"https:\/\/straznicylasu.pl\/wp-content\/uploads\/2022\/01\/wiewiurka-pasek.jpg\" alt=\"\" class=\"wp-image-195\"\/><\/figure>\n\n\n\n<div class=\"wp-block-columns alignwide are-vertically-aligned-center is-style-twentytwentyone-columns-overlap is-layout-flex wp-container-core-columns-is-layout-9d6595d7 wp-block-columns-is-layout-flex\"><\/div>\n\n\n\n<div class=\"wp-block-columns is-layout-flex wp-container-core-columns-is-layout-9d6595d7 wp-block-columns-is-layout-flex\">\n<div class=\"wp-block-column is-layout-flow wp-block-column-is-layout-flow\"><\/div>\n\n\n\n<div class=\"wp-block-column is-layout-flow wp-block-column-is-layout-flow\"><\/div>\n\n\n\n<div class=\"wp-block-column is-layout-flow wp-block-column-is-layout-flow\"><\/div>\n<\/div>\n\n\n\n<p> <\/p>\n\n\n\n<hr class=\"wp-block-separator\"\/>\n\n\n\n<div class=\"wp-block-columns alignwide are-vertically-aligned-center is-style-twentytwentyone-columns-overlap is-layout-flex wp-container-core-columns-is-layout-9d6595d7 wp-block-columns-is-layout-flex\"><\/div>\n\n\n\n<h2 class=\"wp-block-heading\"><\/h2>\n\n\n\n<div class=\"wp-block-query is-layout-flow wp-block-query-is-layout-flow\">\n<h2 class=\"wp-block-heading\"><\/h2>\n<\/div>\n\n\n\n<p><\/p>\n","protected":false},"excerpt":{"rendered":"<p>Dzieci\u0144stwo nie jest wy\u015bcigiem by zobaczy\u0107, jak szybko dziecko potrafi czyta\u0107, pisa\u0107 i liczy\u0107\u2026 Dzieci\u0144stwo jest ma\u0142ym oknem czasu, aby uczy\u0107 si\u0119 i rozwija\u0107 w &hellip; <\/p>\n","protected":false},"author":1,"featured_media":0,"parent":0,"menu_order":0,"comment_status":"closed","ping_status":"closed","template":"","meta":{"footnotes":""},"class_list":["post-5","page","type-page","status-publish","hentry","latest_post"],"_links":{"self":[{"href":"https:\/\/straznicylasu.pl\/index.php\/wp-json\/wp\/v2\/pages\/5","targetHints":{"allow":["GET"]}}],"collection":[{"href":"https:\/\/straznicylasu.pl\/index.php\/wp-json\/wp\/v2\/pages"}],"about":[{"href":"https:\/\/straznicylasu.pl\/index.php\/wp-json\/wp\/v2\/types\/page"}],"author":[{"embeddable":true,"href":"https:\/\/straznicylasu.pl\/index.php\/wp-json\/wp\/v2\/users\/1"}],"replies":[{"embeddable":true,"href":"https:\/\/straznicylasu.pl\/index.php\/wp-json\/wp\/v2\/comments?post=5"}],"version-history":[{"count":101,"href":"https:\/\/straznicylasu.pl\/index.php\/wp-json\/wp\/v2\/pages\/5\/revisions"}],"predecessor-version":[{"id":591,"href":"https:\/\/straznicylasu.pl\/index.php\/wp-json\/wp\/v2\/pages\/5\/revisions\/591"}],"wp:attachment":[{"href":"https:\/\/straznicylasu.pl\/index.php\/wp-json\/wp\/v2\/media?parent=5"}],"curies":[{"name":"wp","href":"https:\/\/api.w.org\/{rel}","templated":true}]}}