{"id":495,"date":"2022-02-12T17:57:31","date_gmt":"2022-02-12T17:57:31","guid":{"rendered":"https:\/\/straznicylasu.pl\/?page_id=495"},"modified":"2022-02-12T19:13:18","modified_gmt":"2022-02-12T19:13:18","slug":"glowne-zasady-pedagogiczne","status":"publish","type":"page","link":"https:\/\/straznicylasu.pl\/index.php\/glowne-zasady-pedagogiczne\/","title":{"rendered":"G\u0142\u00f3wne zasady pedagogiczne"},"content":{"rendered":"\n<p>Zasada swobodnego wyboru miejsca, czasu i formy pracy&nbsp;<\/p>\n\n\n\n<p>To&nbsp;dziecko, a&nbsp;nie&nbsp;nauczyciel wybiera materia\u0142, z&nbsp;kt\u00f3rym&nbsp;ma&nbsp;ch\u0119\u0107 pracowa\u0107 oraz&nbsp;decyduje, gdzie konkretnie b\u0119dzie to&nbsp;robi\u0142o (na&nbsp;dywanie, tarasie, stoliku \u2013 oczywi\u015bcie pod&nbsp;sta\u0142\u0105 opiek\u0105), i&nbsp;ile czasu mu&nbsp;to&nbsp;zajmie. Nauczyciel mo\u017ce mu&nbsp;pom\u00f3c dokona\u0107 wyboru, gdy&nbsp;dziecko wyra\u017anie sobie z&nbsp;tym nie&nbsp;radzi lub prosi o&nbsp;pomoc. Nauczyciel mo\u017ce te\u017c ustali\u0107 z&nbsp;dzieckiem (zw\u0142aszcza tym, kt\u00f3re niebawem p\u00f3jdzie do&nbsp;szko\u0142y lub zer\u00f3wki) czas na&nbsp;prac\u0119 zwi\u0105zan\u0105 z&nbsp;pewnym obszarem wiedzy(np.&nbsp;edukacja j\u0119zykowa), ale&nbsp;wyb\u00f3r konkretnych pomocy z&nbsp;tego obszaru nadal powinien nale\u017ce\u0107 do&nbsp;dziecka. Do\u015bwiadczenie praktyczne wskazuje, \u017ce&nbsp;nie&nbsp;ma&nbsp;ono z&nbsp;tym problemu. \u201eDzieci chc\u0105 i&nbsp;lubi\u0105 si\u0119 uczy\u0107, je\u015bli im&nbsp;si\u0119 na&nbsp;to&nbsp;pozwoli\u201d \u2013 to&nbsp;jedno ze&nbsp;spostrze\u017ce\u0144 Marii Montessori.<\/p>\n\n\n\n<p>Zasada izolowania i stopnia trudno\u015bci<\/p>\n\n\n\n<p>Materia\u0142 dydaktyczny skonstruowany jest tak, by&nbsp;ka\u017cda pomoc dotyczy\u0142a jednego zagadnienia (np.&nbsp;poj\u0119cia wielko\u015bci, a&nbsp;nie&nbsp;jednocze\u015bnie jeszcze kolor\u00f3w czy&nbsp;kszta\u0142t\u00f3w \u2013 od&nbsp;tego jest inna pomoc). Materia\u0142 jest logicznie powi\u0105zany, tak, \u017ce&nbsp;ka\u017cde kolejne \u201eogniwo\u201d z&nbsp;danego zagadnienia zawiera wy\u017cszy stopie\u0144 trudno\u015bci.<\/p>\n\n\n\n<p>Zasada porz\u0105dku<\/p>\n\n\n\n<p>Ka\u017cdy przedmiot w&nbsp;sali ma&nbsp;swoje miejsce i&nbsp;tylko&nbsp;tam powinien zosta\u0107 od\u0142o\u017cony, gdy&nbsp;kto\u015b przestaje z&nbsp;niego korzysta\u0107. Zasada porz\u0105dku dotyczy tak\u017ce pewnej organizacji dnia oraz&nbsp;\u2013 og\u00f3lnie \u2013 poczucie harmonii tak&nbsp;bardzo potrzebnego ka\u017cdemu dziecku i&nbsp;doros\u0142emu. W&nbsp;tej&nbsp;zasadzie zawiera si\u0119 r\u00f3wnie\u017c dba\u0142o\u015b\u0107 o&nbsp;otoczenie, szanowanie zabawek i&nbsp;mebli, troska o&nbsp;przyrod\u0119.<\/p>\n\n\n\n<p>Zasada ograniczenia<\/p>\n\n\n\n<p>Ka\u017cda pomoc jest tylko&nbsp;w&nbsp;jednym egzemplarzu. Ma&nbsp;to&nbsp;odzwierciedla\u0107 faktyczn\u0105 zasad\u0119 rz\u0105dz\u0105c\u0105 \u015bwiatem, wed\u0142ug kt\u00f3rej&nbsp;nie&nbsp;istniej\u0105 dwie identyczne rzeczy, oraz&nbsp;uczy\u0107 cierpliwo\u015bci (czekania na&nbsp;swoj\u0105 kolej), szacunku (teraz pracuje kto\u015b inny i&nbsp;ma&nbsp;do&nbsp;tego prawo), poszukiwania innych rozwi\u0105za\u0144 (mo\u017ce znajd\u0119 dla siebie co\u015b, co&nbsp;te\u017c jest ciekawe). Ograniczenie dotyczy tak\u017ce stosunku do&nbsp;drugiego cz\u0142owieka (mog\u0119 robi\u0107 to, co&nbsp;chc\u0119, pod&nbsp;warunkiem, \u017ce&nbsp;nikomu nie&nbsp;robi\u0119 krzywdy i&nbsp;nie&nbsp;przeszkadzam).<\/p>\n\n\n\n<p>Zasada w\u0142asnego dzia\u0142ania i powtarzania<\/p>\n\n\n\n<p>Jak niejednokrotnie mo\u017cna zaobserwowa\u0107, dzieci, pocz\u0105wszy od&nbsp;wieku niemowl\u0119cego, uwielbiaj\u0105 wielokrotnie powtarza\u0107 nowo zdobyt\u0105 umiej\u0119tno\u015b\u0107. Wa\u017cne jest, aby to&nbsp;prawo natury uszanowa\u0107 i&nbsp;stworzy\u0107 ku&nbsp;temu warunki (np.&nbsp;przez&nbsp;umo\u017cliwienie dziecku wykonanie tylu powt\u00f3rze\u0144, ilu potrzebuje, bez&nbsp;komentarzy, zniecierpliwienia czy&nbsp;poganiania).<\/p>\n\n\n\n<p>Zasada samokontroli<\/p>\n\n\n\n<p>Ka\u017cda pomoc Montessori zawiera w&nbsp;sobie kontrol\u0119 b\u0142\u0119du. Po&nbsp;wykonaniu konkretnej czynno\u015bci (np.&nbsp;u\u0142o\u017ceniu r\u00f3\u017cowej wie\u017cy) dziecko samo widzi b\u0105d\u017a wie jak sprawdzi\u0107, czy&nbsp;zrobi\u0142o to&nbsp;prawid\u0142owo, bez&nbsp;komentarzy doros\u0142ych w&nbsp;stylu: \u201ebardzo dobrze\u201d, \u201e\u017ale\u201d, \u201emusisz jeszcze si\u0119 poduczy\u0107\u201d. Jest to&nbsp;bardzo wa\u017cna zasada, ucz\u0105ca samokontroli oraz&nbsp;daj\u0105ca poczucie satysfakcji bez&nbsp;komentarzy os\u00f3b trzecich. Nie&nbsp;oznacza to, \u017ce&nbsp;nauczyciele nie&nbsp;chwal\u0105 dzieci, ale&nbsp;w&nbsp;przypadku pracy z&nbsp;materia\u0142em dydaktycznym \u2013 nie&nbsp;jest to&nbsp;konieczne. Dziecko widzi, czy&nbsp;i&nbsp;gdzie zasz\u0142a pomy\u0142ka, i&nbsp;co&nbsp;najwa\u017cniejsze \u2013 ma&nbsp;mo\u017cliwo\u015b\u0107 samodzielnego i&nbsp;bezpo\u015bredniego poprawienia si\u0119. Zasada samokontroli dotyczy tak\u017ce uczenia si\u0119 dok\u0142adno\u015bci, konsekwencji i&nbsp;odpowiedzialno\u015bci (np.&nbsp;je\u015bli dziecko decyduje si\u0119 na&nbsp;stworzenie mapy \u015bwiata, to&nbsp;powinno j\u0105&nbsp;doko\u0144czy\u0107; je\u015bli nie&nbsp;dzi\u015b, to&nbsp;w&nbsp;najbli\u017cszych dniach, inaczej \u2013 szkoda jego pracy i&nbsp;nie&nbsp;ma&nbsp;satysfakcji z&nbsp;pi\u0119knej, w\u0142asnor\u0119cznie wykonanej mapy).<\/p>\n\n\n\n<p>Nie stosujemy nagr\u00f3d i kar a inspirujemy dzieci do budowania wewn\u0119trznej motywacji, kt\u00f3ra opiera si\u0119 na poczuciu sensu i celowo\u015bci wykonywania okre\u015blonego zadania.\u00a0<\/p>\n\n\n\n<div class=\"wp-block-image\"><figure class=\"aligncenter size-large\"><img loading=\"lazy\" decoding=\"async\" width=\"1024\" height=\"149\" src=\"https:\/\/straznicylasu.pl\/wp-content\/uploads\/2022\/01\/wiewiurka-pasek-1-1024x149.jpg\" alt=\"\" class=\"wp-image-218\" srcset=\"https:\/\/straznicylasu.pl\/wp-content\/uploads\/2022\/01\/wiewiurka-pasek-1-1024x149.jpg 1024w, https:\/\/straznicylasu.pl\/wp-content\/uploads\/2022\/01\/wiewiurka-pasek-1-300x44.jpg 300w, https:\/\/straznicylasu.pl\/wp-content\/uploads\/2022\/01\/wiewiurka-pasek-1-768x112.jpg 768w, https:\/\/straznicylasu.pl\/wp-content\/uploads\/2022\/01\/wiewiurka-pasek-1-412x60.jpg 412w, https:\/\/straznicylasu.pl\/wp-content\/uploads\/2022\/01\/wiewiurka-pasek-1.jpg 1368w\" sizes=\"auto, (max-width: 1024px) 100vw, 1024px\" \/><\/figure><\/div>\n","protected":false},"excerpt":{"rendered":"<p>Zasada swobodnego wyboru miejsca, czasu i formy pracy&nbsp; To&nbsp;dziecko, a&nbsp;nie&nbsp;nauczyciel wybiera materia\u0142, z&nbsp;kt\u00f3rym&nbsp;ma&nbsp;ch\u0119\u0107 pracowa\u0107 oraz&nbsp;decyduje, gdzie konkretnie b\u0119dzie to&nbsp;robi\u0142o (na&nbsp;dywanie, tarasie, stoliku \u2013 oczywi\u015bcie pod&nbsp;sta\u0142\u0105 &hellip; <\/p>\n","protected":false},"author":1,"featured_media":0,"parent":0,"menu_order":0,"comment_status":"closed","ping_status":"closed","template":"","meta":{"footnotes":""},"class_list":["post-495","page","type-page","status-publish","hentry","latest_post"],"_links":{"self":[{"href":"https:\/\/straznicylasu.pl\/index.php\/wp-json\/wp\/v2\/pages\/495","targetHints":{"allow":["GET"]}}],"collection":[{"href":"https:\/\/straznicylasu.pl\/index.php\/wp-json\/wp\/v2\/pages"}],"about":[{"href":"https:\/\/straznicylasu.pl\/index.php\/wp-json\/wp\/v2\/types\/page"}],"author":[{"embeddable":true,"href":"https:\/\/straznicylasu.pl\/index.php\/wp-json\/wp\/v2\/users\/1"}],"replies":[{"embeddable":true,"href":"https:\/\/straznicylasu.pl\/index.php\/wp-json\/wp\/v2\/comments?post=495"}],"version-history":[{"count":3,"href":"https:\/\/straznicylasu.pl\/index.php\/wp-json\/wp\/v2\/pages\/495\/revisions"}],"predecessor-version":[{"id":537,"href":"https:\/\/straznicylasu.pl\/index.php\/wp-json\/wp\/v2\/pages\/495\/revisions\/537"}],"wp:attachment":[{"href":"https:\/\/straznicylasu.pl\/index.php\/wp-json\/wp\/v2\/media?parent=495"}],"curies":[{"name":"wp","href":"https:\/\/api.w.org\/{rel}","templated":true}]}}