{"id":398,"date":"2022-02-11T12:18:14","date_gmt":"2022-02-11T12:18:14","guid":{"rendered":"https:\/\/straznicylasu.pl\/?page_id=398"},"modified":"2025-02-11T18:59:28","modified_gmt":"2025-02-11T18:59:28","slug":"zapisy","status":"publish","type":"page","link":"https:\/\/straznicylasu.pl\/index.php\/zapisy\/","title":{"rendered":"Zapisy"},"content":{"rendered":"\n<p><\/p>\n\n\n\n<figure class=\"wp-block-pullquote\"><blockquote><p><em><strong>\u201eNajwa\u017cniejszym okresem w \u017cyciu<\/strong>&nbsp;nie s\u0105 lata studiowania na wy\u017cszej uczelni, ale te najwcze\u015bniejsze, czyli&nbsp;<strong>okres<\/strong>&nbsp;<strong>od narodzenia do sze\u015bciu lat<\/strong>. Jest to czas, kiedy formuje si\u0119 inteligencja cz\u0142owieka i nie tylko ona, ale ca\u0142o\u015b\u0107 jego zdolno\u015bci psychicznych.&#8221;<\/em><\/p><cite><em>Maria montessori<\/em><\/cite><\/blockquote><\/figure>\n\n\n\n<p><\/p>\n\n\n\n<p class=\"has-text-align-center\">Zapraszamy do Przedszkola Montessori \u201eStra\u017cnicy Lasu\u201c<\/p>\n\n\n\n<p class=\"has-text-align-center\"><strong>MAMY AKTUALNIE WOLNE MIEJSCE w naszym przedszkolu<\/strong><\/p>\n\n\n\n<p class=\"has-text-align-center\"><strong>Je\u015bli jeste\u015b zainteresowany \u2013 zadzwo\u0144! Tel. 695 097&nbsp;290<\/strong><\/p>\n\n\n\n<p class=\"has-text-align-center\"><strong>PROWADZIMY REKRUTACJ\u0118 NA ROK SZKOLNY 2025\/2026 oraz 2026\/2027<\/strong><\/p>\n\n\n\n<p class=\"has-text-align-center\">To idealny moment, by zobaczy\u0107 nasze miejsce, pozna\u0107 si\u0119 i zapisa\u0107 Dziecko do naszego przedszkola.<\/p>\n\n\n\n<p>\u2026a Nasze Przedszkole to :<\/p>\n\n\n\n<ul class=\"wp-block-list\">\n<li>kameralne miejsce ( tylko 1 grupa )<\/li>\n\n\n\n<li>wykwalifikowana kadra<\/li>\n\n\n\n<li>indywidualne podej\u015bcie do Dziecka<\/li>\n\n\n\n<li>sta\u0142y kontakt Rodzice \u2013 Nauczyciele<\/li>\n\n\n\n<li>nauka przez do\u015bwiadczanie w sali Montessori<\/li>\n\n\n\n<li>codzienna zabawa na \u015bwie\u017cym powietrzu<\/li>\n\n\n\n<li>du\u017cy ogr\u00f3d = du\u017co ruchu<\/li>\n\n\n\n<li>zaj\u0119cia rozwijaj\u0105ce<\/li>\n\n\n\n<li>smaczne, zdrowe posi\u0142ki ( catering Gastrosfera )<\/li>\n\n\n\n<li>dobra lokalizacja<\/li>\n<\/ul>\n\n\n\n<p><strong>Jak wygl\u0105da rekrutacja ?<\/strong><\/p>\n\n\n\n<ol class=\"wp-block-list\">\n<li>Zadzwo\u0144 do nas ( tel. 695&nbsp;097&nbsp;290 ) lub wy\u015blij wiadomo\u015b\u0107 na adres: <a href=\"mailto:kontakt@straznicylasu.pl\">kontakt@straznicylasu.pl<\/a>&nbsp; wpisuj\u0105c w tytule \u201eREKRUTACJA\u201c<\/li>\n<\/ol>\n\n\n\n<p>( Prze\u015blij nast\u0119puj\u0105ce dane: imi\u0119 i nazwisko Dziecka, miejsce zamieszkania, data planowanego przyj\u0119cia do przedszkola, imi\u0119 i nazwisko Rodzica, numer telefonu, kilka zda\u0144 o swoim Dziecku i ewentualnie dodatkowe zapytania )<\/p>\n\n\n\n<ul class=\"wp-block-list\">\n<li>Kontaktujemy si\u0119 z Tob\u0105 w celu um\u00f3wienia spotkania, na kt\u00f3rym b\u0119dziemy mogli wzajemnie si\u0119 pozna\u0107 i odpowiedzie\u0107 na wszystkie pytania.<\/li>\n<\/ul>\n\n\n\n<ul class=\"wp-block-list\">\n<li>Przyjd\u017acie na spotkanie z Dzieckiem.<\/li>\n<\/ul>\n\n\n\n<ul class=\"wp-block-list\">\n<li>Po spotkaniu otrzymasz od nas informacje zwrotn\u0105 na temat przyj\u0119cia Twojego Dziecka do naszego przedszkola.<\/li>\n<\/ul>\n\n\n\n<ul class=\"wp-block-list\">\n<li>Nast\u0119pnie podpiszemy umow\u0119.<\/li>\n<\/ul>\n\n\n\n<ul class=\"wp-block-list\">\n<li>Pozostaje ju\u017c tylko kompletowanie wyprawki\ud83d\ude0a<\/li>\n<\/ul>\n\n\n\n<ul class=\"wp-block-list\">\n<li>Wsp\u00f3lnie zaplanujemy adaptacj\u0119 Twojego dziecka, zgodnie z Jego i Twoimi potrzebami.<\/li>\n<\/ul>\n\n\n\n<p><strong>Czekamy na WAS!<\/strong><br><br><\/p>\n\n\n<div class=\"wp-block-image\">\n<figure class=\"aligncenter size-large\"><img loading=\"lazy\" decoding=\"async\" width=\"1024\" height=\"96\" src=\"https:\/\/straznicylasu.pl\/wp-content\/uploads\/2022\/01\/jeze-pasek-1024x96.jpg\" alt=\"\" class=\"wp-image-196\" srcset=\"https:\/\/straznicylasu.pl\/wp-content\/uploads\/2022\/01\/jeze-pasek-1024x96.jpg 1024w, https:\/\/straznicylasu.pl\/wp-content\/uploads\/2022\/01\/jeze-pasek-300x28.jpg 300w, https:\/\/straznicylasu.pl\/wp-content\/uploads\/2022\/01\/jeze-pasek-768x72.jpg 768w, https:\/\/straznicylasu.pl\/wp-content\/uploads\/2022\/01\/jeze-pasek-600x56.jpg 600w, https:\/\/straznicylasu.pl\/wp-content\/uploads\/2022\/01\/jeze-pasek.jpg 1340w\" sizes=\"auto, (max-width: 1024px) 100vw, 1024px\" \/><\/figure>\n<\/div>\n\n\n<p><\/p>\n","protected":false},"excerpt":{"rendered":"<p>\u201eNajwa\u017cniejszym okresem w \u017cyciu&nbsp;nie s\u0105 lata studiowania na wy\u017cszej uczelni, ale te najwcze\u015bniejsze, czyli&nbsp;okres&nbsp;od narodzenia do sze\u015bciu lat. Jest to czas, kiedy formuje si\u0119 inteligencja &hellip; <\/p>\n","protected":false},"author":1,"featured_media":0,"parent":0,"menu_order":0,"comment_status":"closed","ping_status":"closed","template":"","meta":{"footnotes":""},"class_list":["post-398","page","type-page","status-publish","hentry","latest_post"],"_links":{"self":[{"href":"https:\/\/straznicylasu.pl\/index.php\/wp-json\/wp\/v2\/pages\/398","targetHints":{"allow":["GET"]}}],"collection":[{"href":"https:\/\/straznicylasu.pl\/index.php\/wp-json\/wp\/v2\/pages"}],"about":[{"href":"https:\/\/straznicylasu.pl\/index.php\/wp-json\/wp\/v2\/types\/page"}],"author":[{"embeddable":true,"href":"https:\/\/straznicylasu.pl\/index.php\/wp-json\/wp\/v2\/users\/1"}],"replies":[{"embeddable":true,"href":"https:\/\/straznicylasu.pl\/index.php\/wp-json\/wp\/v2\/comments?post=398"}],"version-history":[{"count":14,"href":"https:\/\/straznicylasu.pl\/index.php\/wp-json\/wp\/v2\/pages\/398\/revisions"}],"predecessor-version":[{"id":652,"href":"https:\/\/straznicylasu.pl\/index.php\/wp-json\/wp\/v2\/pages\/398\/revisions\/652"}],"wp:attachment":[{"href":"https:\/\/straznicylasu.pl\/index.php\/wp-json\/wp\/v2\/media?parent=398"}],"curies":[{"name":"wp","href":"https:\/\/api.w.org\/{rel}","templated":true}]}}

<p></p>



<figure class="wp-block-pullquote"><blockquote><p><em><strong>„Najważniejszym okresem w życiu</strong>&nbsp;nie są lata studiowania na wyższej uczelni, ale te najwcześniejsze, czyli&nbsp;<strong>okres</strong>&nbsp;<strong>od narodzenia do sześciu lat</strong>. Jest to czas, kiedy formuje się inteligencja człowieka i nie tylko ona, ale całość jego zdolności psychicznych.&#8221;</em></p><cite><em>Maria montessori</em></cite></blockquote></figure>



<p></p>



<p class="has-text-align-center">Zapraszamy do Przedszkola Montessori „Strażnicy Lasu“</p>



<p class="has-text-align-center"><strong>MAMY AKTUALNIE WOLNE MIEJSCE w naszym przedszkolu</strong></p>



<p class="has-text-align-center"><strong>Jeśli jesteś zainteresowany – zadzwoń! Tel. 695 097&nbsp;290</strong></p>



<p class="has-text-align-center"><strong>PROWADZIMY REKRUTACJĘ NA ROK SZKOLNY 2025/2026 oraz 2026/2027</strong></p>



<p class="has-text-align-center">To idealny moment, by zobaczyć nasze miejsce, poznać się i zapisać Dziecko do naszego przedszkola.</p>



<p>…a Nasze Przedszkole to :</p>



<ul class="wp-block-list">
<li>kameralne miejsce ( tylko 1 grupa )</li>



<li>wykwalifikowana kadra</li>



<li>indywidualne podejście do Dziecka</li>



<li>stały kontakt Rodzice – Nauczyciele</li>



<li>nauka przez doświadczanie w sali Montessori</li>



<li>codzienna zabawa na świeżym powietrzu</li>



<li>duży ogród = dużo ruchu</li>



<li>zajęcia rozwijające</li>



<li>smaczne, zdrowe posiłki ( catering Gastrosfera )</li>



<li>dobra lokalizacja</li>
</ul>



<p><strong>Jak wygląda rekrutacja ?</strong></p>



<ol class="wp-block-list">
<li>Zadzwoń do nas ( tel. 695&nbsp;097&nbsp;290 ) lub wyślij wiadomość na adres: <a href="mailto:kontakt@straznicylasu.pl">kontakt@straznicylasu.pl</a>&nbsp; wpisując w tytule „REKRUTACJA“</li>
</ol>



<p>( Prześlij następujące dane: imię i nazwisko Dziecka, miejsce zamieszkania, data planowanego przyjęcia do przedszkola, imię i nazwisko Rodzica, numer telefonu, kilka zdań o swoim Dziecku i ewentualnie dodatkowe zapytania )</p>



<ul class="wp-block-list">
<li>Kontaktujemy się z Tobą w celu umówienia spotkania, na którym będziemy mogli wzajemnie się poznać i odpowiedzieć na wszystkie pytania.</li>
</ul>



<ul class="wp-block-list">
<li>Przyjdźcie na spotkanie z Dzieckiem.</li>
</ul>



<ul class="wp-block-list">
<li>Po spotkaniu otrzymasz od nas informacje zwrotną na temat przyjęcia Twojego Dziecka do naszego przedszkola.</li>
</ul>



<ul class="wp-block-list">
<li>Następnie podpiszemy umowę.</li>
</ul>



<ul class="wp-block-list">
<li>Pozostaje już tylko kompletowanie wyprawki😊</li>
</ul>



<ul class="wp-block-list">
<li>Wspólnie zaplanujemy adaptację Twojego dziecka, zgodnie z Jego i Twoimi potrzebami.</li>
</ul>



<p><strong>Czekamy na WAS!</strong><br><br></p>


<div class="wp-block-image">
<figure class="aligncenter size-large"><img loading="lazy" decoding="async" width="1024" height="96" src="https://straznicylasu.pl/wp-content/uploads/2022/01/jeze-pasek-1024x96.jpg" alt="" class="wp-image-196" srcset="https://straznicylasu.pl/wp-content/uploads/2022/01/jeze-pasek-1024x96.jpg 1024w, https://straznicylasu.pl/wp-content/uploads/2022/01/jeze-pasek-300x28.jpg 300w, https://straznicylasu.pl/wp-content/uploads/2022/01/jeze-pasek-768x72.jpg 768w, https://straznicylasu.pl/wp-content/uploads/2022/01/jeze-pasek-600x56.jpg 600w, https://straznicylasu.pl/wp-content/uploads/2022/01/jeze-pasek.jpg 1340w" sizes="auto, (max-width: 1024px) 100vw, 1024px" /></figure>
</div>


<p></p>

<p>„Najważniejszym okresem w życiu&nbsp;nie są lata studiowania na wyższej uczelni, ale te najwcześniejsze, czyli&nbsp;okres&nbsp;od narodzenia do sześciu lat. Jest to czas, kiedy formuje się inteligencja &hellip; </p>
