{"id":242,"date":"2022-02-10T04:51:27","date_gmt":"2022-02-10T04:51:27","guid":{"rendered":"https:\/\/straznicylasu.pl\/?page_id=242"},"modified":"2022-02-12T19:10:20","modified_gmt":"2022-02-12T19:10:20","slug":"straznicy-lasu-grupa-mieszana-wiekowo","status":"publish","type":"page","link":"https:\/\/straznicylasu.pl\/index.php\/straznicy-lasu-grupa-mieszana-wiekowo\/","title":{"rendered":"Stra\u017cnicy Lasu \u2013 grupa mieszana wiekowo"},"content":{"rendered":"\n<p>Pedagogika Marii Montessori wykorzystuje naturalny potencja\u0142 mieszanych wiekowo grup, by zapewni\u0107 najlepsze warunki rozwoju spo\u0142ecznego dziecka. Taka grupa przypomina rodzin\u0119 wielodzietn\u0105 i stwarza bardziej naturalne i korzystne warunki rozwoju ni\u017c grupa jednorodna pod wzgl\u0119dem wieku. Dziecko przebywaj\u0105c w takiej grupie przez 3 lata zajmuje w niej coraz to inn\u0105 pozycj\u0119 spo\u0142eczn\u0105. Najpierw jest dzieckiem najm\u0142odszym, p\u00f3\u017aniej starszym od..ale m\u0142odszym ni\u017c\u2026, by pod koniec pobytu na tym poziomie edukacji sta\u0107 si\u0119 najstarszym, najbardziej kompetentnym. <em>Dzi\u0119ki temu, co roku zmienia si\u0119 pozycja spo\u0142eczna dziecka, mo\u017ce ono pe\u0142ni\u0107 r\u00f3\u017cne role, kszta\u0142towa\u0107 nowe umiej\u0119tno\u015bci i cechy.<\/em><\/p>\n\n\n\n<p>Dzieci starsze staj\u0105 si\u0119 bardziej empatyczne, lepiej rozumiej\u0105 dzieci m\u0142odsze, opiekuj\u0105 si\u0119 nimi, pomagaj\u0105 im i nauczycielowi. Czuj\u0105 si\u0119 przez to bardzo potrzebni i kompetentni co przyczynia si\u0119 do wzrostu ich poczucia warto\u015bci i odpowiedzialno\u015bci.<\/p>\n\n\n\n<p>Dzieci m\u0142odsze nie czuj\u0105 si\u0119 osamotnione w takiej grupie. Wiedz\u0105, \u017ce mog\u0105 liczy\u0107 nie tylko na nauczyciela ale r\u00f3wnie\u017c na starszego koleg\u0119, kt\u00f3ry pomo\u017ce, doradzi, we\u017amie udzia\u0142 w zabawie i przez to stanie si\u0119 ona bardziej interesuj\u0105ca. Ucz\u0105 si\u0119 przy tym wyra\u017cania pr\u00f3\u015bb, taktownego przerywania komu\u015b pracy, niezak\u0142\u00f3cania czyjej\u015b prywatno\u015bci. Ponadto maj\u0105 od kogo przejmowa\u0107 wiedz\u0119, do\u015bwiadczenia&nbsp; i umiej\u0119tno\u015bci. M\u0142odsze dzieci zazwyczaj podziwiaj\u0105 starszych koleg\u00f3w, ch\u0119tnie ich na\u015bladuj\u0105, chc\u0119 im jak najszybciej dor\u00f3wna\u0107 i dzi\u0119ki temu uczenie odbywa si\u0119 pod wp\u0142ywem motywacji wewn\u0119trznej.<\/p>\n\n\n\n<p>Dziecko od najm\u0142odszych lat wzrasta w kulturze wzajemnej \u017cyczliwo\u015bci. Mieszane wiekowo grupy pozwalaj\u0105 na wyeliminowanie zachowa\u0144 rywalizacyjnych. Dzieci, prezentuj\u0105c r\u00f3\u017cny poziom umiej\u0119tno\u015bci czy dojrza\u0142o\u015bci, ucz\u0105 si\u0119 czerpa\u0107 od siebie nawzajem, bez obawy, \u017ce zostan\u0105 przyr\u00f3wnane do koleg\u00f3w, kt\u00f3rzy s\u0105 na innym etapie gotowo\u015bci do przyswojenia danej tre\u015bci. Kluczem do metody Montessori jest zrozumienie, \u017ce gotowo\u015b\u0107 ta pojawia si\u0119 niezale\u017cnie od wieku i ma bardzo indywidualny charakter \u2013 rol\u0105 \u015bwiadomego&nbsp;nauczyciela jest zatem uwa\u017cna obserwacja tego procesu i reagowanie we w\u0142a\u015bciwych momentach.<\/p>\n\n\n\n<p><strong>Najszybciej i najlepiej dzieci ucz\u0105 si\u0119 poprzez obserwowanie innego dziecka.<\/strong><\/p>\n\n\n\n<div class=\"wp-block-image\"><figure class=\"aligncenter size-large\"><img loading=\"lazy\" decoding=\"async\" width=\"1024\" height=\"96\" src=\"https:\/\/straznicylasu.pl\/wp-content\/uploads\/2022\/01\/jeze-pasek-1024x96.jpg\" alt=\"\" class=\"wp-image-196\" srcset=\"https:\/\/straznicylasu.pl\/wp-content\/uploads\/2022\/01\/jeze-pasek-1024x96.jpg 1024w, https:\/\/straznicylasu.pl\/wp-content\/uploads\/2022\/01\/jeze-pasek-300x28.jpg 300w, https:\/\/straznicylasu.pl\/wp-content\/uploads\/2022\/01\/jeze-pasek-768x72.jpg 768w, https:\/\/straznicylasu.pl\/wp-content\/uploads\/2022\/01\/jeze-pasek-600x56.jpg 600w, https:\/\/straznicylasu.pl\/wp-content\/uploads\/2022\/01\/jeze-pasek.jpg 1340w\" sizes=\"auto, (max-width: 1024px) 100vw, 1024px\" \/><\/figure><\/div>\n","protected":false},"excerpt":{"rendered":"<p>Pedagogika Marii Montessori wykorzystuje naturalny potencja\u0142 mieszanych wiekowo grup, by zapewni\u0107 najlepsze warunki rozwoju spo\u0142ecznego dziecka. Taka grupa przypomina rodzin\u0119 wielodzietn\u0105 i stwarza bardziej naturalne &hellip; <\/p>\n","protected":false},"author":1,"featured_media":0,"parent":0,"menu_order":0,"comment_status":"closed","ping_status":"closed","template":"","meta":{"footnotes":""},"class_list":["post-242","page","type-page","status-publish","hentry","latest_post"],"_links":{"self":[{"href":"https:\/\/straznicylasu.pl\/index.php\/wp-json\/wp\/v2\/pages\/242","targetHints":{"allow":["GET"]}}],"collection":[{"href":"https:\/\/straznicylasu.pl\/index.php\/wp-json\/wp\/v2\/pages"}],"about":[{"href":"https:\/\/straznicylasu.pl\/index.php\/wp-json\/wp\/v2\/types\/page"}],"author":[{"embeddable":true,"href":"https:\/\/straznicylasu.pl\/index.php\/wp-json\/wp\/v2\/users\/1"}],"replies":[{"embeddable":true,"href":"https:\/\/straznicylasu.pl\/index.php\/wp-json\/wp\/v2\/comments?post=242"}],"version-history":[{"count":2,"href":"https:\/\/straznicylasu.pl\/index.php\/wp-json\/wp\/v2\/pages\/242\/revisions"}],"predecessor-version":[{"id":532,"href":"https:\/\/straznicylasu.pl\/index.php\/wp-json\/wp\/v2\/pages\/242\/revisions\/532"}],"wp:attachment":[{"href":"https:\/\/straznicylasu.pl\/index.php\/wp-json\/wp\/v2\/media?parent=242"}],"curies":[{"name":"wp","href":"https:\/\/api.w.org\/{rel}","templated":true}]}}